
True
Let d = -440 - -745. Suppose 5*i - 1852 = -4*t - d, -5*t = i - 322. Is i composite?
False
Let y(d) = -71*d + 12. Let q be y(-11). Let t = -536 + q. Let g = t + -151. Is g a prime number?
False
Let z = 5 - 0. Suppose z*h + 4 + 127 = 4*t, 2*h = 10. Is (-2)/(-2) - (1 - t) a composite number?
True
Let b = -188 + 439. Is b a prime number?
True
Let l(z) = 1097*z**3 + 2*z**2 + 2*z - 9. Is l(2) a composite number?
False
Suppose 2*o = 2*g + 4, 0*o - 4*o + g + 8 = 0. Suppose 2*q = -5*t + 545, o*t - 2*q = 148 + 84. Is t a prime number?
False
Let z = 763 - 500. Let l = z + 159. Is l prime?
False
Let q = -681 - -1164. Let k = -88 + q. Is k a prime number?
False
Suppose -4*p = 4 - 12. Let k(u) = 1 - p*u + 5*u + u**2 + 0 + 0. Is k(9) a composite number?
False
Suppose -9*w - 28 = -11*w. Let f(b) = b**3 - 11*b**2 - 11*b - 15. Is f(w) a composite number?
False
Suppose -2*y + 5*y = 195. Suppose -83 = -4*b + y. Is b a composite number?
False
Let l(s) = -s**3 - 12*s**2 - 9*s + 16. Let f be l(-11). Let t be f/(-10) - (-35)/25. Is -35*(0 + t)/(-2) a prime number?
False
Let r be (-13)/(-65) + 28/10. Suppose 0 = -r*n + 8*n - 5*t - 5570, 0 = 4*n - 3*t - 4461. Suppose -d - 1865 = -5*x + d, 3*x = 2*d + n. Is x a composite number?
False
Let a be ((-3)/2)/(18/(-48)). Let y = a - -2. Is (-2)/y*(-640 - -7) composite?
False
Let l be 6/4 - 2/(-4). Suppose 3*u + l*u - 950 = 0. Suppose -3*q - 3*b = -8*b - u, -2*q + 3*b + 125 = 0. Is q a composite number?
True
Suppose -4*w + 12 = -w. Let l(d) = 24*d - 7*d + 1 - 10 + 26*d. Is l(w) a composite number?
False
Let u be 110*(0 - -2) + 0/(-1). Let r = u + 82. Is r composite?
True
Let f = 2 - -11. Suppose f = 5*x - 2. Suppose x*w = 5*w - 246. Is w a composite number?
True
Is 2050 + -5 + 0 + 2 prime?
False
Suppose 5*b - b + f = 17, 2*f - 18 = -4*b. Suppose 749 = b*q + 305. Is q prime?
False
Suppose 0 = 21*h - 17211 - 33000. Is h a composite number?
True
Suppose -5*w + 21 = 6. Let f be 16/24 - (-7)/w. Suppose 5*h = -l + 638, -f*l = 2*l + h - 3118. Is l a prime number?
False
Suppose 0*o = -7*o + 42. Let b be 10/(-3)*o/(-10). Suppose -x - 2*n + 189 = 0, 5*n = b*n + 6. Is x composite?
True
Let o(n) = -n + 6. Let z be o(0). Let c(j) = 29*j - 15. Is c(z) a composite number?
True
Let n(g) = g**3 + g**2 - 2*g - 1. Let q be n(2). Let p(y) = -11*y + 3 + 5*y**2 + 3 + y**2. Is p(q) prime?
True
Let y = -13 - -11. Is ((-18)/18)/(y/66) a composite number?
True
Suppose 0 = -q - q + n + 9, 5*q + 2*n - 18 = 0. Let t(i) = -4*i - q + 8 + 7*i**2 + 3*i - 4*i**2. Is t(-6) a prime number?
False
Suppose j = 3*b + 26, 2*b + 5*j + 23 + 17 = 0. Suppose -2*x - 12 = -5*c - 0*x, 2*c - 6 = 2*x. Is 55/b*c*-7 a composite number?
True
Let n = 304 + -207. Is n composite?
False
Suppose 443 = b - 4*g + g, 2*g = -b + 458. Let r = -261 + b. Is r prime?
True
Suppose -43*u + 44*u - 7382 = 0. Is u a prime number?
False
Let w = 11 + -9. Is 3/w*(-4648)/(-42) a composite number?
True
Let y be 2*(-4 + 6) + -194. Let r = y - -305. Suppose -2*j - r = -7*j. Is j a composite number?
False
Let y be 4/(-6)*-141*(26 - 6). Suppose -3*g - 5*g = -y. Is g a composite number?
True
Let f(r) = 2*r**3 - 2*r**2 - 2*r + 14367. Is f(0) composite?
True
Suppose -4*i + 16 = -2*x + x, 4*i = -3*x. Suppose -1 = i*w - 7. Suppose -w*r + 332 = -1298. Is r a prime number?
False
Let j(q) = 8*q - 1. Let x(f) = -4*f. Let d(v) = -3*j(v) - 5*x(v). Is d(-7) a prime number?
True
Suppose h + 28 = 8*h. Suppose -4*p - 1733 = -3*l, 2*p = h*l - 3*p - 2312. Is l a prime number?
False
Let v(w) = 1064*w**2 + 3*w - 12. Is v(5) a composite number?
True
Let w = 6166 - 1503. Is w a prime number?
True
Suppose 15*f - 4*f - 73601 = 0. Is f a composite number?
False
Let h = -51 + 27. Is 381*(3 + h/9) a composite number?
False
Let w = 8256 + 493. Is w a composite number?
True
Let t be ((-85)/10 - -8) + 9/(-2). Is (63/12 + t)*716 composite?
False
Let c be (-1)/(-1)*1*9. Suppose f - 3*f + 1552 = -2*b, -3*b + c = 0. Suppose 0 = 4*v - 153 - f. Is v prime?
True
Let d(z) = -z**3 - 3*z**2 + 7*z + 3. Let t be d(6). Let l be (t - 3)/((-1)/(-6)). Is 2/(-4) + l/(-8) a composite number?
False
Let j(y) = 3*y - 24. Let u(d) = -d + 1. Let p(q) = j(q) + 6*u(q). Let a be p(-8). Let o(h) = 3*h**2 - 2*h + 10. Is o(a) a composite number?
True
Suppose 33*n + 225510 = 636327. Is n a composite number?
True
Let z = -80 - -113. Is ((-15499)/z)/((-1)/3) composite?
False
Let w be 18/(-15)*40/(-12). Let m = 9 - w. Suppose -p = -4*p - g + m, 4*p - g - 16 = 0. Is p composite?
False
Let h(t) be the second derivative of -137*t**5/5 - t**4/12 - t**3/6 - t**2/2 - 9*t. Is h(-1) prime?
True
Suppose 5*w = 4*x + 4925, -2897 = -5*w - x + 2028. Is w a prime number?
False
Suppose 0 = 3*z - 12. Is 2/z*-3*(-18280)/60 prime?
True
Let s = -76 - -708. Let p be (35/(-10))/7*0. Suppose -s = -4*l - p*l. Is l a prime number?
False
Let n(a) = -6*a**2 - 5*a - 33. Let s be n(-8). Suppose -3*p - 200 = 1396. Let x = s - p. Is x a prime number?
False
Let x(l) = 5985*l**2 - 6*l + 5. Is x(-2) composite?
False
Suppose -214*b = -215*b + 25055. Is b a prime number?
False
Let p = 88733 + -62130. Is p a composite number?
True
Let r(h) = -40607*h - 176. Is r(-3) composite?
True
Let x = -20 - -401. Suppose -3*s - 8 = 2*o - 5*s, 2*s = -2*o + 8. Suppose o*p - x = -3*p. Is p composite?
False
Let k(g) = -11*g**3 - 4*g**2 + 8*g + 69. Is k(-8) a composite number?
False
Let j(q) = -4*q**3 + 7*q**2 - 7*q. Let b be j(4). Is 1/((-8)/b)*6 a prime number?
False
Let x(r) = 16*r**3 - 23*r**2 + 11*r + 1. Is x(10) composite?
True
Let v = 21 + -45. Is 502*4/v*-3 prime?
True
Let m = -139 + 707. Suppose 4*s = -4*l + m, -s - 3*s - 266 = -2*l. Is l a composite number?
False
Let i(f) = f**3 - 11*f**2 - 2*f + 21. Let x be i(11). Is 752 - (5 + x + -3) prime?
True
Let o(w) = 1 - 1 + 52*w + 1 + 49*w. Let n(k) = 34*k. Let y(p) = -8*n(p) + 3*o(p). Is y(4) a composite number?
False
Let n(y) = -243*y**2 + 3*y + 11. Let i(d) = -81*d**2 + d + 4. Let r(g) = 11*i(g) - 4*n(g). Is r(-1) composite?
True
Let w(o) be the third derivative of -o**5/20 - 13*o**4/24 - 5*o**3/6 - o**2. Let f(n) be the first derivative of w(n). Is f(-10) composite?
False
Let g(f) = f**3 + 25*f**2 - 13*f - 17. Suppose -115 - 5 = 5*q. Is g(q) a composite number?
True
Let f = -11 + 14. Suppose 0*d + 24 = -f*d. Let m(z) = 2*z**2 - 4*z - 11. Is m(d) prime?
True
Let c(d) = -19*d**3 + 2*d**2 + 3*d + 3. Let u(k) = -k**3 - 3*k**2 - k - 1. Let s be u(-3). Let l = s - 4. Is c(l) a composite number?
False
Let l(r) = 11*r + 21. Let x(n) = 11*n + 21. Let a(g) = 5*l(g) - 6*x(g). Is a(-5) a composite number?
True
Let f(j) = 25*j**3 + 3*j - 5. Let d = -22 - -38. Let z be ((-9)/(-12))/(6/d). Is f(z) prime?
False
Suppose 0 = 5*o - 3*w - 15, 2*w + 3*w = -3*o + 9. Let r be 329/2 - o/6. Let f = -31 + r. Is f a composite number?
True
Let s be (25/(-15))/((-20)/72). Let f(v) = s + 63*v + 1 - 2 + 6. Is f(6) prime?
True
Let m be (-30 - 16) + (0 - 1 - 1). Let i be (-2)/(1 - (-435)/(-429)). Let k = i - m. Is k prime?
True
Let j be 5/((-10)/(-4)) - -2. Suppose j*f = 2*c - 3014, -3*c = 4*f - 5579 + 1038. Is c a prime number?
True
Let y(p) be the third derivative of p**6/120 + p**5/6 + 7*p**4/24 + 7*p**3/6 - 14*p**2. Is y(-8) a composite number?
False
Suppose -3*z + 2*g = -14, z + 4*g - g = 1. Is 1 - (-52 + (-8)/z) composite?
True
Suppose -23*o - 24104 = -25*o. Suppose -7*v + 15871 = -o. Is v a composite number?
False
Let c be (-7)/(-9)*3*6. Let j = c + -10. Suppose j*r = 2*r + 258. Is r a prime number?
False
Suppose 12*b - 11641 - 21827 = 0. Is b a composite number?
False
Is (-49516)/(-12) - 12/(-18) composite?
False
Suppose 375 = k - 50. Suppose k = b + 4*b. Let t = b - 59. Is t composite?
True
Is (-1306)/4*(6 - (8 + 2)) a composite number?
True
Let o(b) be the third derivative of 0*b + 0 + 5/24*b**4 - 5*b**2 + 1/120*b**6 - 1/12*b**5 - b**3. Is o(5) a composite number?
False
Let d(l) = -207*l + 85. Is d(-14) prime?
False
Let w = -3 - -8. Suppose 2*k - 1023 = -w*x - 2*k, -k = -2*x + 404. Is x a prime number?
False
Let l be 3/9*0 + 4 + 1. Suppose 5*z - 2*s - 6835 = -l*s, -s + 6835 = 5*z. Is z a prime number?
True
Let i(n) = -12*n + 71. Is i(-7) composite?
True
Suppose 10*q = 15*q - 335. Is q a composite number?
False
Let j(b) = b**2 - 5*b + 6. Let v be j(2). Let w be (-2 + 5)/(1 